{"id":784,"date":"2022-07-02T15:23:54","date_gmt":"2022-07-02T15:23:54","guid":{"rendered":"https:\/\/haberulus.net\/?page_id=784"},"modified":"2022-07-02T15:24:39","modified_gmt":"2022-07-02T15:24:39","slug":"hakkimizda","status":"publish","type":"page","link":"https:\/\/haberulus.net\/?page_id=784","title":{"rendered":"Hakk\u0131m\u0131zda"},"content":{"rendered":"<p>Haberulus.net; G\u00fcncel, Politika, Spor, Magazin, K\u00fclt\u00fcr ve Sanat, D\u0131\u015f Haberler ve di\u011fer t\u00fcm kategorilerde g\u00fcncel haber sunmak ve internet kullan\u0131c\u0131s\u0131n\u0131n habere ula\u015fmas\u0131n\u0131 kolayla\u015ft\u0131rmak i\u00e7in olu\u015fturulmu\u015f geni\u015f kapsaml\u0131 bir haber portal\u0131d\u0131r.<br \/>\n\u0130lkelerimiz<br \/>\nTarafs\u0131z Habercilik: Sitemizde yay\u0131nlanan haberlere konu olan olaylara veya haberlerde ad\u0131 ge\u00e7en ki\u015filere tam bir tarafs\u0131zl\u0131k i\u00e7inde yakla\u015fmaktay\u0131z. Biz haberi okura ula\u015ft\u0131ran \u201carac\u0131\u201d olarak, hi\u00e7 bir haberin anlam\u0131n\u0131 de\u011fi\u015ftirmemeyi ve hi\u00e7 bir haberi manip\u00fcle etmemeyi ilke edinmi\u015f bulunuyoruz.<br \/>\nMimiksiz Habercilik: Okurlar\u0131m\u0131za sundu\u011fumuz haberlerin i\u00e7eri\u011finin \u201ciyi haber \/ k\u00f6t\u00fc haber\u201d, \u201cm\u00fcjdeli haber \/ kara haber\u201d olmas\u0131 ile ilgilenmiyoruz. Haberi sunarken, okura \u201c\u015fimdi sevinmelisin\u201d veya \u201c\u015fimdi \u00fcz\u00fclmesin\u201d havas\u0131 ile sunmuyor; yaln\u0131zca ger\u00e7e\u011fi, yaln\u0131zca olanlar\u0131, aktar\u0131yoruz. Bir haberin okurda ne t\u00fcr duygular uyand\u0131raca\u011f\u0131 okurun karar verece\u011fi bir konudur.<br \/>\nA\u00e7\u0131kl\u0131k: Herhangi bir ger\u00e7e\u011fin ve herhangi bir olay\u0131n kenara itilmemesi, bilin\u00e7li veya bilin\u00e7siz bir \u015fekilde minik puntolarla bir kenara at\u0131larak g\u00f6zden saklanmamas\u0131 gerekti\u011fini savunuyoruz. Her ne olduysa ve her ne olay haber niteli\u011fi ta\u015f\u0131yorsa bizim konumuzdur ve okurun bunu bilmeye \u00f6\u011frenmeye hakk\u0131 vard\u0131r. Hi\u00e7 bir haberi saklamayaca\u011f\u0131z, k\u00fc\u00e7\u00fcltmeyece\u011fiz, g\u00f6zden ka\u00e7\u0131rmayaca\u011f\u0131z.<br \/>\nH\u00fck\u00fcm Veren De\u011fil, Postac\u0131 Habercilik: Bizler, haberi aktaran ki\u015filer olarak g\u00f6revimizin; okurlar\u0131 y\u00f6nlendirmek veya habere konu olay ile ilgili giri\u015fimlerde bulunmak olmad\u0131\u011f\u0131n\u0131 d\u00fc\u015f\u00fcn\u00fcyoruz. Daha a\u00e7\u0131k bir ifade ile, ne T\u00fcrkiye\u2019yi y\u00f6neten herhangi bir ki\u015fi veya kurumu etkilemeyi, ne de halk\u0131 haberin g\u00fcc\u00fcn\u00fc kullanarak y\u00f6nlendirmeyi d\u00fc\u015f\u00fcnm\u00fcyoruz. Bizler postac\u0131y\u0131z. G\u00f6revimiz postay\u0131 al\u0131c\u0131s\u0131na zaman\u0131nda ula\u015ft\u0131rmakt\u0131r. Bunun d\u0131\u015f\u0131nda \u201chalk\u0131 ayd\u0131nlatmak\u201d, \u201chalka yol g\u00f6stermek\u201d, \u201ch\u00fckumeti yola getirmek\u201d, \u201ctoplumu d\u00fczeltmek\u201d gibi g\u00f6revlerimiz yoktur.<br \/>\nNe Yap\u0131yoruz?<br \/>\nT\u00fcrkiye\u2019de ve d\u00fcnyada meydana gelen olaylar ve geli\u015fmeleri ajanslar ve kendi ekibimiz arac\u0131l\u0131\u011f\u0131yla takip ederek size sunuyoruz. Sitemizde, kendi mahallenizden d\u00fcnyan\u0131n en uzak k\u00f6\u015fesine kadar her yer ile ilgili haber okuyabilirsiniz. Ziyaret\u00e7ilere, son 10 g\u00fcn\u00fcn t\u00fcm haberleri i\u00e7inde konuya g\u00f6re arama yapma olana\u011f\u0131 sunmaktay\u0131z. Bu arama, kelime ve ilgili bazl\u0131, yapay zeka ile desteklenmi\u015f ger\u00e7ek bir haber arama sayfas\u0131d\u0131r.<br \/>\nYasalara %100 Uygun<br \/>\nSitemiz T\u00fcrkiye Cumhuriyeti Yasalar\u0131na %100 uygun olarak yay\u0131n yapmaktad\u0131r. Sitemizde yay\u0131nlanan her t\u00fcrl\u00fc haber, resim, bilgi, metin; telif hakk\u0131 sahiplerinden yaz\u0131l\u0131 izin al\u0131nmak suretiyle yay\u0131nlanmaktad\u0131r. Sabah saatlerinde yay\u0131nlad\u0131\u011f\u0131m\u0131z gazete haber \u00f6zetlerinde ise, yaln\u0131zca haberin ba\u015fl\u0131\u011f\u0131 ve giri\u015f c\u00fcmlesine yer verilmekte, haberin tam metnini okumak isteyen ziyaret\u00e7ilerimiz ilgili gazetenin web sayfas\u0131na y\u00f6nlendirilmektedir.<br \/>\nResmi abonesi oldu\u011fumuz ajanslar:<br \/>\nAnadolu Ajans\u0131<br \/>\nDemir\u00f6ren Haber Ajans\u0131<br \/>\n\u0130hlas Haber Ajans\u0131<br \/>\nT\u00fcrkiye\u2019nin En Geni\u015f Kapsaml\u0131 Haber Sitesi<br \/>\nHaberulus.net\u2019da her g\u00fcn T\u00fcrkiye\u2019den ve D\u00fcnya\u2019dan ortalama 2.800 adet habere yer verilir. Normal bir g\u00fcnl\u00fck gazetede 70 \u2013 100 adet haber; normal bir internet haber portalinde ise 150 \u2013 300 haber yer al\u0131r. G\u00f6r\u00fcld\u00fc\u011f\u00fc gibi, Haberulus.net haber a\u00e7\u0131s\u0131ndan olduk\u00e7a zengindir.<\/p>\n","protected":false},"excerpt":{"rendered":"<p>Haberulus.net; G\u00fcncel, Politika, Spor, Magazin, K\u00fclt\u00fcr ve Sanat, D\u0131\u015f Haberler ve di\u011fer t\u00fcm kategorilerde g\u00fcncel haber sunmak ve internet kullan\u0131c\u0131s\u0131n\u0131n habere ula\u015fmas\u0131n\u0131 kolayla\u015ft\u0131rmak i\u00e7in olu\u015fturulmu\u015f geni\u015f kapsaml\u0131 bir haber portal\u0131d\u0131r. \u0130lkelerimiz Tarafs\u0131z Habercilik: Sitemizde yay\u0131nlanan haberlere konu olan olaylara veya haberlerde ad\u0131 ge\u00e7en ki\u015filere tam bir tarafs\u0131zl\u0131k i\u00e7inde yakla\u015fmaktay\u0131z. Biz haberi okura ula\u015ft\u0131ran \u201carac\u0131\u201d olarak, [&hellip;]<\/p>\n","protected":false},"author":1,"featured_media":0,"parent":0,"menu_order":0,"comment_status":"closed","ping_status":"closed","template":"","meta":{"footnotes":""},"class_list":["post-784","page","type-page","status-publish","hentry"],"_links":{"self":[{"href":"https:\/\/haberulus.net\/index.php?rest_route=\/wp\/v2\/pages\/784","targetHints":{"allow":["GET"]}}],"collection":[{"href":"https:\/\/haberulus.net\/index.php?rest_route=\/wp\/v2\/pages"}],"about":[{"href":"https:\/\/haberulus.net\/index.php?rest_route=\/wp\/v2\/types\/page"}],"author":[{"embeddable":true,"href":"https:\/\/haberulus.net\/index.php?rest_route=\/wp\/v2\/users\/1"}],"replies":[{"embeddable":true,"href":"https:\/\/haberulus.net\/index.php?rest_route=%2Fwp%2Fv2%2Fcomments&post=784"}],"version-history":[{"count":1,"href":"https:\/\/haberulus.net\/index.php?rest_route=\/wp\/v2\/pages\/784\/revisions"}],"predecessor-version":[{"id":785,"href":"https:\/\/haberulus.net\/index.php?rest_route=\/wp\/v2\/pages\/784\/revisions\/785"}],"wp:attachment":[{"href":"https:\/\/haberulus.net\/index.php?rest_route=%2Fwp%2Fv2%2Fmedia&parent=784"}],"curies":[{"name":"wp","href":"https:\/\/api.w.org\/{rel}","templated":true}]}}